ommon divisor of 11 and k?
11
Let q(k) = -k**3 - 5*k**2 - 2*k + 9. Let i be q(-4). Calculate the greatest common factor of 3 and i.
1
Let i = 28 - 24. Let a = 5 + 1. Calculate the greatest common divisor of i and a.
2
Let l(q) = 340*q**2 - 5*q - 4. Let c be l(-1). Calculate the greatest common divisor of 31 and c.
31
Suppose -2*a + 4*d - 4 = 0, -3*a + d = -2*a - 2. Let o = a - 0. Suppose 2*j + 192 = 6*j. Calculate the highest common factor of o and j.
6
Suppose 5*p + c + 81 = 0, -2*p + 4*c - 52 = -2. Let s = -7 - p. Calculate the highest common divisor of s and 2.
2
Suppose -c + 440 = 5*z, 2*z = 3*c + c + 176. Calculate the greatest common factor of 22 and z.
22
Suppose 0 = -3*u + 4 + 2. Let l = 3 - u. Let x = l - -3. What is the greatest common divisor of 20 and x?
4
Let i be (3*(0 - 1))/1. Let j = 6 + i. Suppose 0 = j*h - 38 - 4. What is the greatest common factor of 35 and h?
7
Suppose -4 = -h - l, 3*h + 0 = l + 16. Suppose -3*w + 7*o = 4*o - 291, -h*w - o = -497. What is the greatest common divisor of w and 9?
9
Let x(f) = -7*f - 3. Let y be x(-6). Calculate the greatest common divisor of y and 26.
13
Let y = -736 + 1096. Suppose 0 = -n + 5*n - y. What is the greatest common factor of 9 and n?
9
Let p(m) = -23*m**3 - m**2 - m. Let d be p(-1). Suppose 0 = c + 4*l - 184, 0 = -6*l + 2*l. What is the greatest common factor of c and d?
23
Let r(z) = -z**3 - 5*z**2 + 7*z + 6. Let j be r(-6). Suppose j*t - 162 = 2*t. Let p = -29 - t. Calculate the highest common divisor of p and 13.
13
Let y = 5 + -1. Suppose -17 = -2*n - 3*u, 2*u - 13 = 3*n - 6*n. Calculate the highest common divisor of n and y.
1
Suppose 0 = -4*u + 29 + 27. Calculate the highest common divisor of 21 and u.
7
Suppose -2*d - k - 4*k + 407 = 0, -k = -3*d + 653. Suppose 5*r - 3*l - d = 0, -2*r - 4*l = l - 74. What is the highest common divisor of 14 and r?
14
Let f = 18 + -30. Let c = f - -30. Let q(d) = -3*d**3 - 2*d**2 + 2*d. Let r be q(-2). Calculate the greatest common divisor of c and r.
6
Suppose -3*a - 2*a + 35 = t, 0 = 4*t + 3*a - 106. Suppose -2*m + 8 = f, m - t = -4*f - 0*m. What is the highest common factor of f and 54?
6
Let v = 28 - 8. Suppose 0*o = 2*o - 360. Calculate the highest common divisor of v and o.
20
Suppose 0 = 4*l - 2 - 10. Let x(a) = -a**2 - 9*a - 9. Let n be x(-6). Calculate the highest common divisor of l and n.
3
Let y be (-1)/(-4) - (-28)/16. Calculate the greatest common factor of 18 and y.
2
Suppose -14 + 4 = -5*q. Suppose 2*b - 14 = b. Calculate the greatest common factor of q and b.
2
Let i(v) = 5*v + 3. Let s be i(-4). Let h = s + 24. What is the greatest common factor of h and 49?
7
Let x = 22 + -14. Calculate the highest common divisor of x and 40.
8
Suppose 0*l = 2*l - 6, -4*t + l + 1105 = 0. Suppose 3*m = -5*a + t, 3*a + m - 111 = a. What is the greatest common divisor of a and 8?
8
Suppose 5*a - 3*a - 34 = 0. Calculate the greatest common factor of a and 17.
17
Let h = 93 - 57. Suppose a - 2*s = 6*a + 122, -2*a - 32 = 5*s. Let g = h + a. Calculate the highest common divisor of 70 and g.
10
Let i(u) = -u + 1. Let d be i(-3). Let l be (-1)/(-4) - (-31)/d. What is the highest common factor of 40 and l?
8
Let h = 66 - 36. What is the highest common factor of 120 and h?
30
Let s = 78 + -34. Suppose 5*g = -2*m + 37, 2*m - 3*g - s = -g. Suppose 5*l + 4*x = 14 + 13, 2*l - m = -5*x. What is the highest common divisor of 3 and l?
3
Let z = 36 - 24. Suppose c = -k + 3*c + 8, -2*k + 16 = -c. What is the greatest common divisor of k and z?
4
Let u = 27 + 12. Let n(y) = 10*y**3 - y**2 + y + 1. Let l be n(-1). Let m be 2 - (1 + -1 + l). What is the greatest common factor of m and u?
13
Let i be ((-4)/(-10))/((-3)/15). Let k be 29 - (-5 - i)/3. Suppose 3*t - 3*q - 18 = 0, 4*q + 12 = 2*t - q. Calculate the greatest common divisor of k and t.
6
Let k(l) be the third derivative of 1/12*l**4 + 0*l + 0*l**3 + 0 + l**2. Let x be k(4). Calculate the highest common factor of 16 and x.
8
Suppose -2*v + 4*v = 112. Suppose m + 2*q - q = 18, 3*m = -2*q + v. Let p(o) = o - 1. Let x be p(6). Calculate the greatest common divisor of x and m.
5
Suppose 0 = s + 2*g - 6*g - 48, -2*s + 85 = 3*g. What is the highest common factor of s and 22?
22
Suppose 0 = 3*z - y + 369, -3*z = -z - 4*y + 246. Let l = -46 - z. Calculate the greatest common factor of l and 7.
7
Let n = 50 + -14. Let t(h) = -h**3 + 4*h**2 - h - 3. Let u be t(3). Let b be ((-2)/u)/((-3)/18). Calculate the highest common factor of n and b.
4
Suppose -n + 13 = -227. Calculate the greatest common factor of 48 and n.
48
Suppose -5*b + 3*m = -11, -5*b + 0*m + 4*m = -8. Let s be b/(-2) + 3 + 51. Suppose -c - 4 + 17 = 0. Calculate the highest common factor of c and s.
13
Suppose -6 = -d + 8. Let b = 5 - 1. Suppose b*l + 57 - 197 = 0. Calculate the highest common divisor of l and d.
7
Suppose -2*g - 3*g + 5*o = -65, -2*g - 3*o = -41. Suppose -2*b = -2 - g. What is the highest common factor of 72 and b?
9
Suppose 2*u = u + 8. Suppose -2*j + 6*j = u. Let a be (1/j)/((-2)/(-220)). Calculate the greatest common divisor of 5 and a.
5
Suppose 0 = z - 3*z - 4*m - 14, z - 5*m - 14 = 0. Let n be 1/(z/(2 + -47)). Calculate the greatest common divisor of 18 and n.
9
Suppose a = 6*a - 60. What is the highest common factor of 36 and a?
12
Let z be (-154)/(-6) - (-4)/(-6). Calculate the greatest common factor of 225 and z.
25
Suppose 2*j - 311 = 5*l, -4*l = -2*j - 0*l + 312. Let r be j/6 - (-3)/(-9). What is the greatest common divisor of 78 and r?
26
Let n = 116 - 100. What is the highest common factor of 2 and n?
2
Let m = -372 - -757. What is the highest common divisor of m and 35?
35
Suppose -32 + 6 = -2*q. Calculate the greatest common factor of 104 and q.
13
Suppose -2*a + x = 5*x - 24, 5*a - 78 = -x. Calculate the highest common divisor of 8 and a.
8
Suppose -20 = -2*n - 3*k - 3, 9 = -n - 5*k. What is the highest common divisor of 80 and n?
16
Let k(r) = r - 7. Let j be k(-10). Let n = -4 - j. Calculate the greatest common factor of n and 13.
13
Let q = -80 + 212. What is the highest common divisor of q and 12?
12
Let t(b) = -6*b + b + b**2 + 5 - 4*b + 0*b. Let a be t(10). Calculate the highest common divisor of 3 and a.
3
Let q(z) = -9*z**2 - 3*z**3 + 4*z**3 + 61 - 73 - 7*z. Let f be q(10). Calculate the greatest common divisor of f and 18.
18
Suppose b - 12 = -b. Let z(k) = 65*k - 3. Let y be z(3). Suppose -y = -5*g + g. Calculate the greatest common factor of g and b.
6
Let m(c) = -2*c + 3. Let n be m(2). Let v be 1 + n*(-21)/3. What is the highest common divisor of 16 and v?
8
Let t be (-12)/18 - 74/6. Let o = t - -21. What is the greatest common factor of 72 and o?
8
Suppose 8 = 3*r - r. Let k(j) = 6*j - 6. Let v be k(r). Let b = -19 - -64. Calculate the greatest common factor of b and v.
9
Let v = 122 + -23. Suppose 8 + 16 = 3*x + s, -4*x + 4*s + 48 = 0. What is the greatest common divisor of v and x?
9
Let r(u) = -u**2 - 3*u. Let z be r(-3). Suppose m + 14 - 40 = z. Calculate the highest common factor of 78 and m.
26
Let o(f) = 9*f. Let u be o(1). Let n be 10/(-45) - (-38)/u. Suppose -5*w + 12 + 68 = 0. Calculate the highest common factor of n and w.
4
Let q be (-111)/(-2) - 5/(-10). Calculate the highest common divisor of q and 8.
8
Suppose -5*i + 45 = -225. Let w(u) = -13*u - 3. Let v be w(-3). Calculate the highest common factor of v and i.
18
Suppose 3*u - 49 - 32 = -4*t, -5*u = 4*t - 71. Let x(c) = c**2 - 7*c - 2. Let r be x(8). Calculate the highest common divisor of t and r.
6
Let f = 45 + -36. Calculate the highest common divisor of f and 45.
9
Let m(g) = g**3 - g**2. Let d be m(2). Suppose -59 = -5*p + s + 12, -d*s + 16 = 0. Calculate the highest common factor of p and 45.
15
Let j = 61 + -47. Suppose 3*y - 5 = -4*u - 0*y, -2*u - 4*y - 10 = 0. Suppose v - 5*x = 129, -v - u*x = -x - 174. What is the greatest common divisor of j and v?
14
Suppose 4*x - 182 + 46 = 0. What is the highest common divisor of 34 and x?
34
Suppose -5*r + 8 + 77 = 0. Suppose d = u + 5*d + r, 0 = -5*u - d - 142. Let p = -17 - u. Calculate the highest common divisor of 120 and p.
12
Let g(r) = r**2. Let s be g(2). Suppose -s*b = -0*b - 128. What is the highest common divisor of b and 4?
4
Let s(m) = -m**2 - 22*m + 44. Let o be s(-20).